-87. Let n(y) be the first derivative of -1/3*y**3 - 5*y + d + 5/2*y**2. Determine n(5).
-5
Let v(q) = q**2 - q + 1. Let s = 40 - 46. Let l(g) = g**2 + 6*g + 3. Let z be l(s). Give v(z).
7
Let q(k) = 2*k - 2. Suppose l = -6*l + 3*l. Let f be q(l). Let x(a) = a - 1. What is x(f)?
-3
Let s(k) = -1 + 5*k + k - 4*k. Let d(w) = -w**2 - w + 5. Let n be d(0). Let c(j) = -2*j + 14. Let r be c(n). Calculate s(r).
7
Suppose -b + 11 = 5. Suppose t - b*t - 20 = -5*p, -4 = -3*p - t. Suppose -p*k = 3*k - 25. Let h(c) = -c**2 + 4*c + 5. Calculate h(k).
0
Let a(b) be the third derivative of -b**5/60 - 5*b**4/24 - b**3/6 - 2*b**2. Let o = 125 + -101. Suppose -25*u = -o*u + 4. Calculate a(u).
3
Let i be (0 + -2)*6/4. Let h = -218 + 224. Let z = h + i. Let t(l) = -l**2 - l. Determine t(z).
-12
Let f(h) = 29 + 31*h - 9*h - 8*h - 26. Determine f(2).
31
Let s(a) = 6*a**2 - 15*a - 26. Let f(j) = -5*j**2 + 14*j + 23. Let h(r) = -7*f(r) - 6*s(r). Suppose -3 = 2*u + 5*x + 34, -3*u - 2*x - 28 = 0. Give h(u).
7
Let v(y) = 17*y**2 + 21*y - 62. Let d(p) = -3*p**2 + 5. Let z(h) = -6*d(h) - v(h). What is z(19)?
-6
Let j(r) be the second derivative of r**4/12 - 5*r**3/3 + r**2/2 - 14*r. What is j(9)?
-8
Let r(a) be the second derivative of a**4/6 + 5*a**3/6 + a**2 + 97*a. Let x be (-2)/(-5) + (-17)/5. Determine r(x).
5
Let h = -3 + 6. Let t(f) be the first derivative of f**4/4 - 2*f**3/3 - f**2/2 + 186. What is t(h)?
6
Let y be 1 + 8/((-48)/(-54))*-1. Let m(z) be the first derivative of -z**3/3 - 9*z**2/2 + 6*z + 1. Give m(y).
14
Suppose 5*j = 3*a - 171, -51 = 5*j - 4*j + 5*a. Let f be ((-3)/(-6))/((-3)/j). Let u(h) = -3*h + 6. Give u(f).
-12
Let d(f) be the first derivative of -f**4/4 + 5*f**3/3 - 5*f**2/2 + 9*f - 947. What is d(4)?
5
Let k(x) = x**3 - x - 1. Let z = 5 - 21. Let q be (2 - z/(-4))*-1. Determine k(q).
5
Let u(d) be the third derivative of -1/12*d**4 + 0*d**3 + 0*d - 16*d**2 + 0. Calculate u(4).
-8
Let y(v) be the second derivative of v**2 - 1/2*v**3 + 0 - 1/12*v**4 - 3*v. Suppose 4*l + 26 = 2*h, -4*l - 21 = -3*h + 2*h. Give y(l).
-2
Let c(s) = -s**2 + 4*s - 3. Let y = -1 + -1. Let r be 1*(-5 - -2) - -5. Let m = r - y. What is c(m)?
-3
Let m = 70 - 76. Let l(s) = -s**3 - 6*s**2 - s - 1. Determine l(m).
5
Let a = 0 - -58. Suppose -16*r = -54 - a. Let f(u) = 7*u**2 - 5 - u**3 + 2*u**3 + u - 2*u**3. Calculate f(r).
2
Let g(c) = -c**3 + 2*c**2 + 6*c - 11. Let v be -1 + (-72)/(-27)*(-6)/(-4). Determine g(v).
-2
Let g be (15/(-12))/((-1)/(-4) - 0). Let n be g/60*-8 + (-4)/(-3). Let q(v) = -v**2 + 2*v - 2. Determine q(n).
-2
Let m = 4 + -4. Let f(a) = -a**2 + a - 6. Let s(c) = -4*c**2 + 3*c - 17. Suppose 0 = -6*l - 13 - 29. Let p(i) = l*f(i) + 2*s(i). Give p(m).
8
Let s(w) = 2*w**3 + 6*w**2 + 6*w + 4. Suppose 0 = -3*b, -15*b + 20*b = -3*q - 12. Calculate s(q).
-52
Let p(v) = -4*v - 1. Let d = -62 - -62. Suppose d = s - 0*s - 1. What is p(s)?
-5
Let p(y) be the first derivative of 2*y**3/3 - y**2 + 6*y + 233. Determine p(6).
66
Let p = -41 - -73. Suppose 3*f = -4*n + p, 0*f - 3*n = -4*f + 1. Let z(q) = 2*q + 4. What is z(f)?
12
Let n(t) = -3*t - 12. Let j(i) = -i**3 + 4*i**2 + i + 12. Suppose m + 4*o = -0*o - 7, 5*m - 10 = -5*o. Let a be j(m). Determine n(a).
12
Let y = -4 - -2. Let j(l) = 27*l - 35. Let r(k) = 13*k - 16. Let z(d) = -6*j(d) + 13*r(d). Calculate z(y).
-12
Let z(i) = 0*i + 15 - 2*i - 13. Let w = 8 + -3. Calculate z(w).
-8
Let l(d) = -5 + 1 - 5 - d + 9 - 3. Calculate l(-5).
2
Let k(v) = -v**3 + 5*v**2 + 2*v - 4. Suppose 0 = 5*t - 20, -4*w + 12 = -2*t - 0. Determine k(w).
6
Let u(k) = k**3 - 6*k**2 + 5*k + 1. Suppose -34 = 5*n - 59. Determine u(n).
1
Let a(l) = l + 5. Let p(d) = d + 4. Let n(m) = -5*a(m) + 6*p(m). Suppose 0 = 4*z - 4*r + 244, -5*z - 3*r + 6*r = 297. Let v = 54 + z. Determine n(v).
-4
Let f(x) be the second derivative of -x**7/2520 - x**6/90 + x**5/40 + 49*x**4/12 + 45*x. Let g(j) be the third derivative of f(j). What is g(-9)?
-6
Let x(i) be the third derivative of -i**4/8 - i**3/3 - 9*i**2 + 7*i. Determine x(-8).
22
Let v = 521 + -520. Let d(o) = 18*o. Give d(v).
18
Let a be 1/(3/(-60)*-4). Suppose 6 + 19 = -5*t, 0 = a*s + t - 20. Let d(x) = -x**2 + 7*x - 4. Give d(s).
6
Suppose 1 = -5*o - 24. Let k(q) be the third derivative of 1/12*q**4 + 0 + 0*q - 14*q**2 + 7/6*q**3. Calculate k(o).
-3
Let v be 8/12 - (-12)/9. Suppose 0 = -g + v + 6. Let l(s) = -s**2 + 8*s - 3. What is l(g)?
-3
Let n be (1 - -1) + 0 + 0. Let s(o) be the third derivative of 1/120*o**6 + 1/3*o**3 - 1/24*o**4 + 0 - 1/60*o**5 + 7*o**2 + 0*o. Determine s(n).
4
Let w(s) be the third derivative of s**6/360 - s**5/24 + s**4/6 - s**3 - 7*s**2. Let f(u) be the first derivative of w(u). Determine f(5).
4
Let n(y) = -y**3 + 6*y**2 - 3*y - 6. Let i = 82 - 76. Determine n(i).
-24
Let l(w) = w**3 + 23*w**2 + 20*w - 33. Let a be l(-22). Let p(r) = -r - 16. Calculate p(a).
-27
Let t be (60/35)/(48/21 + -2). Let c(p) = 17 + t*p - 17 + 5*p. Calculate c(-1).
-11
Let w = 1 + -2. Let h(g) = -93*g**2 - 5*g - 19. Let k(t) = 33*t**2 + 2*t + 7. Let d(m) = 4*h(m) + 11*k(m). What is d(w)?
-10
Suppose 152 + 87 = 4*m - t, 0 = 5*m + 4*t - 325. Let b = 58 - m. Let n(v) = v**2 + 7*v. Calculate n(b).
-12
Let q(w) be the first derivative of w**7/840 + w**6/360 + 5*w**4/12 + 3*w**3 + 1. Let n(s) be the third derivative of q(s). Give n(0).
10
Suppose -17 = 4*d - k, 2*d + d + 14 = 2*k. Let u(a) be the first derivative of a**4/4 + 5*a**3/3 + 2*a**2 + 6*a + 329. Determine u(d).
6
Let t(d) = 487*d**2 + 3 - 67*d - 484*d**2 + 72*d. Give t(-3).
15
Let o be -2 + (-1 - (-9)/(-3)). Let i = o + 11. Suppose -i*w + 6 = -2*w. Let m(s) = -4*s + 3. Give m(w).
-5
Let b(t) = -10*t**2 + t. Suppose -2*v = -5*g - 23, -4*g = -0*g - 2*v + 18. Let o(q) = 19 - 2*q + 19*q**2 - 19. Let m(j) = g*b(j) - 3*o(j). Calculate m(-1).
-8
Let o(r) = -3*r - 1 - 1 - 6 - 2*r**2 + 3*r**2. Let q be (-270)/(-50) + 6/10. What is o(q)?
10
Let g(n) be the third derivative of n**3 + 1/12*n**4 - 2*n**2 + 0 - 1/12*n**5 + 0*n - 1/120*n**6. Suppose 30 = 11*f - 17*f. Calculate g(f).
-4
Let z(v) be the second derivative of -v**5/20 + 5*v**4/12 - 5*v**3/6 - v**2 - 273*v. Determine z(5).
-27
Let h(g) = 0*g + 9292 + 6*g - 9294 + g**2 + 0*g**2. Suppose 4*l + t + 32 = 0, 0*l - 3*t + 2 = -2*l. Give h(l).
5
Let r(h) = -h - 55 - 52 + 6*h + 105. What is r(1)?
3
Suppose -2*q - 5*j - 22 + 5 = 0, -3*j = 5*q - 5. Suppose m = -q + 7. Let z(u) = 3*u + 6*u + 4*u**2 + 8*u**3 - 5*u - 9*u**m. Determine z(5).
-5
Let q(o) be the third derivative of -o**4/12 + o**3 + 271*o**2. Give q(5).
-4
Let j(o) = -4*o**3 + 1. Let v = 7 + 27. Let t = 33 - v. Determine j(t).
5
Let h(l) = 11*l + 32. Let q(w) = 5*w + 16. Let d(c) = -4*h(c) + 9*q(c). Determine d(-7).
9
Let c(x) = -4*x**3 + 11*x**2 - 13*x - 3. Let o(p) = 3*p**3 - 12*p**2 + 13*p + 2. Let d(r) = -2*c(r) - 3*o(r). Calculate d(13).
0
Suppose 13*b - 16*b = -m + 15, 5*m = -b - 21. Let j(g) = g**3 + 6*g**2 - 4*g + 5. What is j(b)?
29
Suppose f + 4*y = 24, 0 = 7*f - 6*f - 3*y + 11. Let z(g) = g**2 + 2*g - 3*g**3 + 5 + 3*g**3 - g**3 + 2*g**2. What is z(f)?
-3
Let s(p) be the second derivative of 0 + 1/20*p**5 + 5*p - 5/2*p**2 + 2/3*p**3 + 7/12*p**4. Let o = -14 + 8. Give s(o).
7
Let u(z) = -z**3 + 2*z**2 + 3*z - 3. Let p = 0 - -3. Suppose k = -s - 2, -p*s = -4*k + k + 6. Suppose k = -2*l + 8 - 2. Give u(l).
-3
Let r(q) = -q**3 + q**2 - q. Let u be ((-9)/(-3))/((-3)/2). Let j = 13 + -12. Let t(x) = -3*x**3 + 5*x**2 - 2*x - 1. Let p(g) = j*t(g) + u*r(g). Calculate p(2).
3
Let d(b) be the second derivative of -b**4/4 + b**2/2 + 3*b. Let f(x) = -x + 2. Let g be f(-3). Suppose j + 1 = 3*h + 3, -4*h + g*j - 21 = 0. Determine d(h).
-2
Let i = 42 - 14. Let c be (-5)/15 - i/6. Let a(b) = -b**3 + 581*b**2 - 2 - 289*b**2 - 296*b**2 + 6*b. What is a(c)?
-7
Let p(r) = 6*r + 37. Suppose -112*h - 72 = -103*h. Calculate p(h).
-11
Let s = 9 - 12. Let w be (-1 - 3)*s/(-2). Let h(a) = a**2 + 4*a - 7. Let v be h(w). Let m(c) = -c**3 + 4*c**2 + 7*c - 7. Calculate m(v).
3
Let b(v) = -2*v**2 + 2*v - 4. Let r be (-9)/(-9) + (-4)/((-4)/(-3)). Let u be r*((-125)/70 + (-2)/(-7)). Give b(u).
-16
Let y = 110 - 88. Let v be 1/(-6) + y/(-12). Let i(j) = 3*j**2 + 2*j. What is i(v)?
8
Let y(d) = d**3 + 6*d**2 + 7*d + 10. Suppose -2*a + w - 15 = 0, a + 20*w - 10 = 17